{"id":1759,"date":"2023-10-05T13:48:14","date_gmt":"2023-10-05T10:48:14","guid":{"rendered":"https:\/\/eunis.org\/eunis2016\/?page_id=1759"},"modified":"2023-10-05T13:48:15","modified_gmt":"2023-10-05T10:48:15","slug":"travel","status":"publish","type":"page","link":"https:\/\/eunis.org\/eunis2016\/travel\/","title":{"rendered":"Travel"},"content":{"rendered":"\n<div class=\"wp-block-columns is-layout-flex wp-container-core-columns-is-layout-9d6595d7 wp-block-columns-is-layout-flex\">\n<div class=\"wp-block-column is-layout-flow wp-block-column-is-layout-flow\">\n<figure class=\"wp-block-image size-full\"><a href=\"https:\/\/eunis.org\/eunis2016\/wp-content\/uploads\/sites\/8\/2015\/05\/airport.jpg\"><img fetchpriority=\"high\" decoding=\"async\" width=\"600\" height=\"382\" src=\"https:\/\/eunis.org\/eunis2016\/wp-content\/uploads\/sites\/8\/2015\/05\/airport.jpg\" alt=\"\" class=\"wp-image-198\" srcset=\"https:\/\/eunis.org\/eunis2016\/wp-content\/uploads\/sites\/8\/2015\/05\/airport.jpg 600w, https:\/\/eunis.org\/eunis2016\/wp-content\/uploads\/sites\/8\/2015\/05\/airport-300x191.jpg 300w\" sizes=\"(max-width: 600px) 100vw, 600px\" \/><\/a><\/figure>\n\n\n\n<p><strong>Thessaloniki international flight connections<\/strong><\/p>\n\n\n\n<p><strong>Central Europe<\/strong><\/p>\n\n\n\n<p>Amsterdam, Berlin-Tegel, Berlin-Sch\u00f6nefeld, Cologne, D\u00fcsseldorf, Hamburg, Frankfurt,Freiburg, Hannover, Munich, Nuremberg, Stuttgart, Vienna, Z\u00fcrich, Basel, Paris-Charles de Gaulle, Brussels-Charleroi, Rome-Fiumicino, Rome-Ciampino, Milan-Malpensa, Bergamo-Orio al Serio,Pisa<\/p>\n\n\n\n<p><strong>United Kingdom<\/strong><\/p>\n\n\n\n<p>London-Gatwick, London-Luton, London-Heathrow, Manchester<\/p>\n\n\n\n<p><strong>Scandinavia<\/strong><\/p>\n\n\n\n<p>Stockholm, Oslo, Copenhagen<\/p>\n\n\n\n<p><strong>Balkans &amp; Eastern Europe<\/strong><\/p>\n\n\n\n<p>Belgrade, Bucharest-B\u0103neasa, Bucharest-Henri Coand\u0103, Budapest, Brno, Istanbul, Moscow-Vnukovo, Moscow-Domodedovo, Minsk, Ostrava,Odessa, Prague, Tirana, Krasnodar, St. Petersburg, Kazan, Yekaterinburg, Yerevan, Warsaw,Kiev<\/p>\n\n\n\n<p><strong>Cyprus<\/strong><\/p>\n\n\n\n<p>Larnaca, Paphos<\/p>\n\n\n\n<p><strong>Israel<\/strong><\/p>\n\n\n\n<p>Tel Aviv<\/p>\n<\/div>\n\n\n\n<div class=\"wp-block-column is-layout-flow wp-block-column-is-layout-flow\">\n<figure class=\"wp-block-image size-large\"><a href=\"https:\/\/eunis.org\/eunis2016\/wp-content\/uploads\/sites\/8\/2015\/05\/DSC_0227.jpg\"><img decoding=\"async\" width=\"1024\" height=\"683\" src=\"https:\/\/eunis.org\/eunis2016\/wp-content\/uploads\/sites\/8\/2015\/05\/DSC_0227-1024x683.jpg\" alt=\"\" class=\"wp-image-120\" srcset=\"https:\/\/eunis.org\/eunis2016\/wp-content\/uploads\/sites\/8\/2015\/05\/DSC_0227-1024x683.jpg 1024w, https:\/\/eunis.org\/eunis2016\/wp-content\/uploads\/sites\/8\/2015\/05\/DSC_0227-300x200.jpg 300w, https:\/\/eunis.org\/eunis2016\/wp-content\/uploads\/sites\/8\/2015\/05\/DSC_0227-600x400.jpg 600w, https:\/\/eunis.org\/eunis2016\/wp-content\/uploads\/sites\/8\/2015\/05\/DSC_0227.jpg 1200w\" sizes=\"(max-width: 1024px) 100vw, 1024px\" \/><\/a><\/figure>\n\n\n\n<p><strong>Public Transportation<\/strong><\/p>\n\n\n\n<p>Public transport&nbsp;in Thessaloniki is served by buses. The&nbsp;<a href=\"http:\/\/en.wikipedia.org\/wiki\/Bus\">bus company<\/a>&nbsp;operating in the city is the&nbsp;<a href=\"http:\/\/en.wikipedia.org\/wiki\/Thessaloniki_Urban_Transport_Organization\">Thessaloniki Urban Transport Organization<\/a>&nbsp;(OASTH) and is the only public means of transport in Thessaloniki at the moment. It operates a fleet of 604 vehicles on 75 routes throughout the&nbsp;<a href=\"http:\/\/en.wikipedia.org\/wiki\/Thessaloniki_Metropolitan_Area\">Thessaloniki Metropolitan Area<\/a>.<a href=\"http:\/\/en.wikipedia.org\/wiki\/Thessaloniki#cite_note-222\"><sup>]<\/sup><\/a>&nbsp;International and regional bus links are provided by&nbsp;at its Macedonia Inter City Bus Terminal, located to the west of the city centre.<\/p>\n\n\n\n<p><strong>Bus Tickets<\/strong><\/p>\n\n\n\n<p>Standard adult tickets<\/p>\n\n\n\n<ul class=\"wp-block-list\">\n<li>1 \u20ac (purchased at a point of sale) &#8211; Valid for a single trip<\/li>\n\n\n\n<li>1,20 \u20ac (purchased at a point of sale Valid for up to two (2) trips made within seventy (70) minutes from the time of issue<\/li>\n<\/ul>\n\n\n\n<p>Travel cards of various durations are also available .Detailed information on ticket options, bus routes and timetables is available at:&nbsp;<a href=\"http:\/\/www.oasth.gr\/\">www.oasth.gr<\/a><\/p>\n\n\n\n<p><strong>Taxi<\/strong><\/p>\n\n\n\n<p>Taxis in Greece are economic. As a rough guide a taxi within the city will cost you approximately 5\u20ac .Between 00:00 and 05:00 a double fare will be applicable.<\/p>\n\n\n\n<p><strong>Transfers from Thessaloniki Airport to the city centre<\/strong><\/p>\n\n\n\n<p>The website of Thessaloniki&#8217;s Macedonia Airport is:&nbsp;<a href=\"http:\/\/www.thessalonikiairport.gr\/\">www.thessalonikiairport.gr<\/a><\/p>\n\n\n\n<p>A public bus service is available 24 hours a day from the airport to the city centre, bus number 78 or 78N. These bus services operate from the airport approximately every 30 minutes. Tickets cost 2\u20ac one way.<\/p>\n\n\n\n<p>The&nbsp;taxi fare to the city center is approximately 15\u201320\u20ac from 5:00 am to 00:00 pm, while from 00:00 pm to 5:00 am expect to be charged an extra 10\u20ac for this particular route.<\/p>\n<\/div>\n<\/div>\n","protected":false},"excerpt":{"rendered":"<p>Thessaloniki international flight connections Central Europe Amsterdam, Berlin-Tegel, Berlin-Sch\u00f6nefeld, Cologne, D\u00fcsseldorf, Hamburg, Frankfurt,Freiburg, Hannover, Munich, Nuremberg, Stuttgart, Vienna, Z\u00fcrich, Basel, Paris-Charles de Gaulle, Brussels-Charleroi, Rome-Fiumicino, Rome-Ciampino, Milan-Malpensa, Bergamo-Orio al Serio,Pisa United Kingdom London-Gatwick, London-Luton, London-Heathrow, Manchester Scandinavia Stockholm, Oslo, Copenhagen Balkans &amp; Eastern Europe Belgrade, Bucharest-B\u0103neasa, Bucharest-Henri Coand\u0103, Budapest, Brno, Istanbul, Moscow-Vnukovo, Moscow-Domodedovo, Minsk, Ostrava,Odessa, [&hellip;]<\/p>\n","protected":false},"author":233,"featured_media":0,"parent":0,"menu_order":0,"comment_status":"closed","ping_status":"closed","template":"","meta":{"footnotes":""},"class_list":["post-1759","page","type-page","status-publish","hentry"],"_links":{"self":[{"href":"https:\/\/eunis.org\/eunis2016\/wp-json\/wp\/v2\/pages\/1759","targetHints":{"allow":["GET"]}}],"collection":[{"href":"https:\/\/eunis.org\/eunis2016\/wp-json\/wp\/v2\/pages"}],"about":[{"href":"https:\/\/eunis.org\/eunis2016\/wp-json\/wp\/v2\/types\/page"}],"author":[{"embeddable":true,"href":"https:\/\/eunis.org\/eunis2016\/wp-json\/wp\/v2\/users\/233"}],"replies":[{"embeddable":true,"href":"https:\/\/eunis.org\/eunis2016\/wp-json\/wp\/v2\/comments?post=1759"}],"version-history":[{"count":2,"href":"https:\/\/eunis.org\/eunis2016\/wp-json\/wp\/v2\/pages\/1759\/revisions"}],"predecessor-version":[{"id":1761,"href":"https:\/\/eunis.org\/eunis2016\/wp-json\/wp\/v2\/pages\/1759\/revisions\/1761"}],"wp:attachment":[{"href":"https:\/\/eunis.org\/eunis2016\/wp-json\/wp\/v2\/media?parent=1759"}],"curies":[{"name":"wp","href":"https:\/\/api.w.org\/{rel}","templated":true}]}}