{"id":1752,"date":"2023-10-05T12:00:33","date_gmt":"2023-10-05T12:00:33","guid":{"rendered":"https:\/\/eunis.org\/eunis2017\/?page_id=1752"},"modified":"2023-10-05T12:00:33","modified_gmt":"2023-10-05T12:00:33","slug":"hotels","status":"publish","type":"page","link":"https:\/\/eunis.org\/eunis2017\/hotels\/","title":{"rendered":"Hotels"},"content":{"rendered":"<h2><strong>Hotels<\/strong><\/h2>\n<p>As the Vom-Stein-Haus and the H\u00f6rsaalgeb\u00e4ude Schlossplatz, the congress venues, are located right in the city center, many hotels are within walking distance. The usual price range is 65 to 130 Euros per night and person. Recommended hotels include:<\/p>\n<ul>\n<li><a href=\"https:\/\/www.h-hotels.com\/en\/h4\/hotels\/h4-hotel-muenster-city-centre\" target=\"_blank\" rel=\"noopener\">H4 Hotel<\/a><\/li>\n<li><a href=\"https:\/\/www.stadthotel-muenster.de\/en\/\" target=\"_blank\" rel=\"noopener\">Stadthotel M\u00fcnster<\/a><\/li>\n<li><a href=\"http:\/\/www.hotel-conti-muenster.com\/en\/\" target=\"_blank\" rel=\"noopener\">Hotel Conti<\/a><\/li>\n<li><a href=\"http:\/\/www.ibis.com\/gb\/hotel-2206-ibis-muenster-city\/index.shtml\" target=\"_blank\" rel=\"noopener\">Ibis Hotel M\u00fcnster<\/a><\/li>\n<li><a href=\"http:\/\/www.movenpick.com\/en\/europe\/germany\/muenster\/hotel-muenster\/overview\/\" target=\"_blank\" rel=\"noopener\">M\u00f6venpick Hotel<\/a><\/li>\n<li><a href=\"http:\/\/www.factoryhotel-muenster.de\/en\/\" target=\"_blank\" rel=\"noopener\">Factory Hotel<\/a><\/li>\n<li><a href=\"https:\/\/www.hotelbb.de\/en\/muenster-hafen\/overview\" target=\"_blank\" rel=\"noopener\">B&amp;B Hotel<\/a><\/li>\n<\/ul>\n","protected":false},"excerpt":{"rendered":"<p>Hotels As the Vom-Stein-Haus and the H\u00f6rsaalgeb\u00e4ude Schlossplatz, the congress venues, are located right in the city center, many hotels are within walking distance. The usual price range is 65 to 130 Euros per night and person. Recommended hotels include: H4 Hotel Stadthotel M\u00fcnster Hotel Conti Ibis Hotel M\u00fcnster M\u00f6venpick Hotel Factory Hotel B&amp;B Hotel<\/p>\n","protected":false},"author":233,"featured_media":0,"parent":0,"menu_order":0,"comment_status":"closed","ping_status":"closed","template":"","meta":{"footnotes":""},"class_list":["post-1752","page","type-page","status-publish","hentry"],"_links":{"self":[{"href":"https:\/\/eunis.org\/eunis2017\/wp-json\/wp\/v2\/pages\/1752","targetHints":{"allow":["GET"]}}],"collection":[{"href":"https:\/\/eunis.org\/eunis2017\/wp-json\/wp\/v2\/pages"}],"about":[{"href":"https:\/\/eunis.org\/eunis2017\/wp-json\/wp\/v2\/types\/page"}],"author":[{"embeddable":true,"href":"https:\/\/eunis.org\/eunis2017\/wp-json\/wp\/v2\/users\/233"}],"replies":[{"embeddable":true,"href":"https:\/\/eunis.org\/eunis2017\/wp-json\/wp\/v2\/comments?post=1752"}],"version-history":[{"count":1,"href":"https:\/\/eunis.org\/eunis2017\/wp-json\/wp\/v2\/pages\/1752\/revisions"}],"predecessor-version":[{"id":1753,"href":"https:\/\/eunis.org\/eunis2017\/wp-json\/wp\/v2\/pages\/1752\/revisions\/1753"}],"wp:attachment":[{"href":"https:\/\/eunis.org\/eunis2017\/wp-json\/wp\/v2\/media?parent=1752"}],"curies":[{"name":"wp","href":"https:\/\/api.w.org\/{rel}","templated":true}]}}