{"id":111,"date":"2021-06-02T12:10:00","date_gmt":"2021-06-02T12:10:00","guid":{"rendered":"https:\/\/eunis.org\/eunis2022\/?page_id=111"},"modified":"2023-10-06T06:30:45","modified_gmt":"2023-10-06T06:30:45","slug":"impressum","status":"publish","type":"page","link":"https:\/\/eunis.org\/eunis2022\/impressum\/","title":{"rendered":"Impressum"},"content":{"rendered":"<p>(Official information about the University of G\u00f6ttingen)<\/p>\n<p>Georg-August-Universit\u00e4t G\u00f6ttingen<br \/>\nWilhelmsplatz 1<br \/>\n37073 G\u00f6ttingen<br \/>\nPhone +49 (0)551 39-0<br \/>\n<a href=\"mailto:pressestelle@uni-goettingen.de\">pressestelle@uni-goettingen.de<\/a><\/p>\n<p>Georg-August-Universit\u00e4t G\u00f6ttingen (the University of G\u00f6ttingen) is a public law corporation. It is legally represented by its President Prof. Dr. Metin Tolan.<\/p>\n<p>Responsible organisation:<br \/>\nGeorg-August-Universit\u00e4t G\u00f6ttingen Stiftung \u00d6ffentlichen Rechts (University of G\u00f6ttingen Public Law Foundation), Stiftungsausschuss Universit\u00e4t (University Foundation Committee) (\u00a7\u00a7 59 Abs. 2, 60 Abs. 2 Satz 2 Nr. 7, 60 a Abs. 1 Lower Saxony Higher Education Act (NHG), Wilhelmsplatz 1, 37073 G\u00f6ttingen, Germany<\/p>\n<p>VAT identification number according to Section 27a of the German Value-Added Tax Act (UStG): DE 286 005 408<\/p>\n<p>Responsible for content:<\/p>\n<ul>\n<li>For the EUNIS 2022 web page: Ramin Yahyapour (CIO of the University of G\u00f6ttingen), <a href=\"mailto:ramin.yahyapour@gwdg.de\">ramin.yahyapour@gwdg.de<\/a>,<br \/>\nTel: + 49 (0)551 201-1510, Am Fa\u00dfberg 11, 37077 G\u00f6ttingen, Germany<\/li>\n<\/ul>\n<p>The use of design elements from the EUNIS 2022 web page is only permitted with the explicit permission of the Public Relations Department.<\/p>\n<p>The use of design elements from the central web pages of Georg-August-Universit\u00e4t G\u00f6ttingen (the University of G\u00f6ttingen) is only permitted with the explicit permission of the Public Relations Department.[\/vc_column_text][\/vc_column][\/vc_row]<\/p>\n","protected":false},"excerpt":{"rendered":"<p>(Official information about the University of G\u00f6ttingen) Georg-August-Universit\u00e4t G\u00f6ttingen Wilhelmsplatz 1 37073 G\u00f6ttingen Phone +49 (0)551 39-0 pressestelle@uni-goettingen.de Georg-August-Universit\u00e4t G\u00f6ttingen (the University of G\u00f6ttingen) is a public law corporation. It is legally represented by its President Prof. Dr. Metin Tolan. Responsible organisation: Georg-August-Universit\u00e4t G\u00f6ttingen Stiftung \u00d6ffentlichen Rechts (University of G\u00f6ttingen Public Law Foundation), Stiftungsausschuss Universit\u00e4t [&hellip;]<\/p>\n","protected":false},"author":203,"featured_media":0,"parent":0,"menu_order":0,"comment_status":"closed","ping_status":"closed","template":"","meta":{"footnotes":""},"class_list":["post-111","page","type-page","status-publish","hentry"],"_links":{"self":[{"href":"https:\/\/eunis.org\/eunis2022\/wp-json\/wp\/v2\/pages\/111","targetHints":{"allow":["GET"]}}],"collection":[{"href":"https:\/\/eunis.org\/eunis2022\/wp-json\/wp\/v2\/pages"}],"about":[{"href":"https:\/\/eunis.org\/eunis2022\/wp-json\/wp\/v2\/types\/page"}],"author":[{"embeddable":true,"href":"https:\/\/eunis.org\/eunis2022\/wp-json\/wp\/v2\/users\/203"}],"replies":[{"embeddable":true,"href":"https:\/\/eunis.org\/eunis2022\/wp-json\/wp\/v2\/comments?post=111"}],"version-history":[{"count":7,"href":"https:\/\/eunis.org\/eunis2022\/wp-json\/wp\/v2\/pages\/111\/revisions"}],"predecessor-version":[{"id":1218,"href":"https:\/\/eunis.org\/eunis2022\/wp-json\/wp\/v2\/pages\/111\/revisions\/1218"}],"wp:attachment":[{"href":"https:\/\/eunis.org\/eunis2022\/wp-json\/wp\/v2\/media?parent=111"}],"curies":[{"name":"wp","href":"https:\/\/api.w.org\/{rel}","templated":true}]}}