{"id":39,"date":"2021-05-05T09:18:16","date_gmt":"2021-05-05T09:18:16","guid":{"rendered":"https:\/\/eunis.org\/eunis2022\/?page_id=39"},"modified":"2023-10-06T05:27:02","modified_gmt":"2023-10-06T05:27:02","slug":"congress-committees","status":"publish","type":"page","link":"https:\/\/eunis.org\/eunis2022\/congress-committees\/","title":{"rendered":"Congress Committees"},"content":{"rendered":"<p><strong>Organising Committee<\/strong><\/p>\n<p>The Organising Committee of University of G\u00f6ttingen and GWDG is responsible for local organization, sponsor support, financial management and on-site assistance. Members are:<\/p>\n<ul>\n<li>Markus von der Heyde, Liaison with vdH-IT (Chair)<\/li>\n<li>Clemens Eulig, Design and Web\/support<\/li>\n<li>Maria Geraci, Public relations, Conference Organisation<\/li>\n<li>Thomas Otto, Press and public relations, Conference Organisation<\/li>\n<li>Christian Wedemeyer, CIO Office<\/li>\n<li>Philipp Wieder, deputy CEO GWDG<\/li>\n<li>Ramin Yahyapour, CIO of University of G\u00f6ttingen\/GWDG<\/li>\n<li>Gill Ferrell, Programme Co-Chair, EUNIS<\/li>\n<li>Anna Pacholak, EUNIS Administration &amp; Communications Manager<\/li>\n<li>Raimund Vogl, M\u00fcnster University, EUNIS President<\/li>\n<\/ul>\n<p>Please contact us at: eunis2022 -at- gwdg.de<\/p>\n<p><strong>Program Committee<\/strong><\/p>\n<p>The Program Committee is responsible for the track themes, keynotes, decisions on review criteria, scheduling papers in thematic sessions. Members are:<\/p>\n<ul>\n<li>Ramin Yahyapour (Chair)<\/li>\n<li>Gill Ferrell, EUNIS, (Co-Chair for Virtual Conference)<\/li>\n<li>Freddy Barstad, NTU<\/li>\n<li>Bas Cordewener, Jisc<\/li>\n<li>Pekka\u00a0K\u00e4hkipuro, Brunel<\/li>\n<li>Thierry Koscielniak, le Cnam<\/li>\n<li>Dirk Lanwert, University G\u00f6ttingen<\/li>\n<li>Anna Pacholak, EUNIS Administration &amp; Communications Manager<\/li>\n<li>Wolfgang Radenbach, University G\u00f6ttingen<\/li>\n<li>Raimund Vogl, M\u00fcnster University, EUNIS President<\/li>\n<li>Markus von der Heyde, vdH-IT<\/li>\n<li>Philipp Wieder, deputy CEO GWDG<\/li>\n<\/ul>\n<p><strong>Scientific Committee<\/strong><\/p>\n<p>The Scientific Committee is responsible for reviewing the abstract and paper submissions for the Congress. Members are:<\/p>\n<ul>\n<li>Ramin Yahyapour, GWDG, University G\u00f6ttingen, Host of EUNIS 2022<\/li>\n<li>Raimund Vogl, M\u00fcnster University, EUNIS President<\/li>\n<li>Jean-Fran\u00e7ois Desnos, EUNIS Scientific Committee Executive Chair<\/li>\n<li>Freddy Barstad, Norwegian University of Science and Technology<\/li>\n<li>Spiros Bolis, Greek Universities Network<\/li>\n<li>Pierre Boudes, LIPN CNRS<\/li>\n<li>Christos Bouras University of Patras<\/li>\n<li>Elsa Cardoso, ISCTE &#8211; University Institute of Lisbon, EUNIS SIG BI<\/li>\n<li>Bas Cordewerner, Knowledge Exchange, EUNIS<\/li>\n<li>Mads Dahl, Aarhus University<\/li>\n<li>Mauritz Danielsson, The Ladok Consortium<\/li>\n<li>Carmen Diaz Romero, SIGMA AIE, Gesti\u00f3n Universitaria, EUNIS SIG Students Mobility<\/li>\n<li>Yves Epelboin, UPMC-Sorbonne Universit\u00e9<\/li>\n<li>Antonio Fern\u00e1ndez Mart\u00ednez, Universidad de Almer\u00eda<\/li>\n<li>Gill Ferrell, EUNIS SIG Teaching &amp; Learning<\/li>\n<li>Susan Grajek, Vice-President, EDUCAUSE<\/li>\n<li>Ramon Grau, SIGMA, Gesti\u00f3n Universitaria<\/li>\n<li>Keijo Heljanko, University of Helsinki<\/li>\n<li>Constantinos Hilas, Tech. Educ. Institute of Central Macedonia, Greece<\/li>\n<li>Pekka K\u00e4hkipuro, Tampere University<\/li>\n<li>Thierry Koscielniak, le Cnam, EUNIS SIG AR\/VR<\/li>\n<li>Dirk Lanwert, University G\u00f6ttingen<\/li>\n<li>Ulrike Lucke, GI, Universit\u00e4t Potsdam<\/li>\n<li>Jan Madey, University of Warsaw<\/li>\n<li>Stuart McLellan, Mus\u00e9um national d&#8217;Histoire naturelle<\/li>\n<li>Lazaros Merakos, University of Athens<\/li>\n<li>Bertrand Mocquet, AMUE<\/li>\n<li>Gudrun Oevel, ZKI, Universit\u00e4t Paderborn<\/li>\n<li>Anna Pacholak, University of Warsaw, EUNIS<\/li>\n<li>Marius Politze, RWTH Aachen University<\/li>\n<li>Wolfgang Radenbach, University G\u00f6ttingen<\/li>\n<li>Nina Reignier-Tayar, Universit\u00e9 Grenoble-Alpes<\/li>\n<li>L\u00edgia Ribeiro, Universidade do Porto<\/li>\n<li>Manos Roumeliotis, University of Macedonia<\/li>\n<li>Henryk Rybi\u0144ski, Warsaw University of Technology<\/li>\n<li>Yiannis Salmatzidis, Aristotle University of Thessaloniki<\/li>\n<li>Ilkka Siissalo, University of Helsinki, \u200bEUNIS BencHEIT<\/li>\n<li>Tomasz Szmuc, AGH University of Science and Technology<\/li>\n<li>Outi Tasala, CSC \u2013 IT Center for Science, Finland<\/li>\n<li>Markus von der Heyde, vdH-IT<\/li>\n<li>Philipp Wieder, GWDG, University G\u00f6ttingen<\/li>\n<li>Klaas Wierenga, GEANT<\/li>\n<li>Michael Zastrocky, LBCIO, USA<\/li>\n<\/ul>\n","protected":false},"excerpt":{"rendered":"<p>Organising Committee The Organising Committee of University of G\u00f6ttingen and GWDG is responsible for local organization, sponsor support, financial management and on-site assistance. Members are: Markus von der Heyde, Liaison with vdH-IT (Chair) Clemens Eulig, Design and Web\/support Maria Geraci, Public relations, Conference Organisation Thomas Otto, Press and public relations, Conference Organisation Christian Wedemeyer, CIO [&hellip;]<\/p>\n","protected":false},"author":203,"featured_media":0,"parent":0,"menu_order":0,"comment_status":"closed","ping_status":"closed","template":"","meta":{"footnotes":""},"class_list":["post-39","page","type-page","status-publish","hentry"],"_links":{"self":[{"href":"https:\/\/eunis.org\/eunis2022\/wp-json\/wp\/v2\/pages\/39","targetHints":{"allow":["GET"]}}],"collection":[{"href":"https:\/\/eunis.org\/eunis2022\/wp-json\/wp\/v2\/pages"}],"about":[{"href":"https:\/\/eunis.org\/eunis2022\/wp-json\/wp\/v2\/types\/page"}],"author":[{"embeddable":true,"href":"https:\/\/eunis.org\/eunis2022\/wp-json\/wp\/v2\/users\/203"}],"replies":[{"embeddable":true,"href":"https:\/\/eunis.org\/eunis2022\/wp-json\/wp\/v2\/comments?post=39"}],"version-history":[{"count":8,"href":"https:\/\/eunis.org\/eunis2022\/wp-json\/wp\/v2\/pages\/39\/revisions"}],"predecessor-version":[{"id":1158,"href":"https:\/\/eunis.org\/eunis2022\/wp-json\/wp\/v2\/pages\/39\/revisions\/1158"}],"wp:attachment":[{"href":"https:\/\/eunis.org\/eunis2022\/wp-json\/wp\/v2\/media?parent=39"}],"curies":[{"name":"wp","href":"https:\/\/api.w.org\/{rel}","templated":true}]}}